{"id":459,"date":"2015-11-08T01:26:33","date_gmt":"2015-11-08T00:26:33","guid":{"rendered":"http:\/\/www.doppelturm.de\/?page_id=459"},"modified":"2022-09-01T23:34:02","modified_gmt":"2022-09-01T21:34:02","slug":"vorstandschaft","status":"publish","type":"page","link":"https:\/\/www.doppelturm.de\/?page_id=459","title":{"rendered":"Vorstandschaft"},"content":{"rendered":"<table>\n<tbody>\n<tr>\n<td class=\"lineheader\">1. Vorstand<\/td>\n<td class=\"lineheader\">2. Vorstand<\/td>\n<\/tr>\n<tr>\n<td class=\"cellborder\">Andreas Kuntschar<\/td>\n<td class=\"cellborder\">Jenny Mauder<\/td>\n<\/tr>\n<tr>\n<td class=\"cellborder\" colspan=\"2\"><\/td>\n<\/tr>\n<tr>\n<td class=\"lineheader\">1. Sportwart<\/td>\n<td class=\"lineheader\">2. Sportwart<\/td>\n<\/tr>\n<tr>\n<td class=\"cellborder\">Matthias Braun<\/td>\n<td class=\"cellborder\">Marius Krieger<\/td>\n<\/tr>\n<tr>\n<td class=\"cellborder\" colspan=\"2\"><\/td>\n<\/tr>\n<tr>\n<td class=\"lineheader\">1. Kassier<\/td>\n<td class=\"lineheader\">2. Kassier<\/td>\n<\/tr>\n<tr>\n<td class=\"cellborder\">Stefan Grafe<\/td>\n<td class=\"cellborder\">Oliver Werner<\/td>\n<\/tr>\n<tr>\n<td class=\"cellborder\" colspan=\"2\"><\/td>\n<\/tr>\n<tr>\n<td class=\"lineheader\">1. Schriftf\u00fchrer<\/td>\n<td class=\"lineheader\">2. Schriftf\u00fchrer<\/td>\n<\/tr>\n<tr>\n<td class=\"cellborder\">Helena N\u00f6th<\/td>\n<td class=\"cellborder\">Pia Kuntschar<\/td>\n<\/tr>\n<tr>\n<td class=\"cellborder\" colspan=\"2\"><\/td>\n<\/tr>\n<tr>\n<td class=\"lineheader\" colspan=\"2\">Vergn\u00fcgungsausschuss<\/td>\n<\/tr>\n<tr>\n<td class=\"cellborder\">Reinhold N\u00f6th<\/td>\n<td class=\"cellborder\">Christine Krieger<\/td>\n<\/tr>\n<tr>\n<td class=\"cellborder\">Brukhard Hofstetter<\/td>\n<td class=\"cellborder\">Rainer Stingl<\/td>\n<\/tr>\n<tr>\n<td class=\"cellborder\" colspan=\"2\"><\/td>\n<\/tr>\n<tr>\n<td class=\"lineheaderc\" colspan=\"2\">Weitere \u00c4mter<\/td>\n<\/tr>\n<tr>\n<td class=\"lineheader\">Bahnwart<\/td>\n<td class=\"lineheader\">Jugendwart<\/td>\n<\/tr>\n<tr>\n<td class=\"cellborder\">Andreas Kuntschar<\/td>\n<td class=\"cellborder\">Helena N\u00f6th<\/td>\n<\/tr>\n<tr>\n<td class=\"lineheader\" colspan=\"2\">Kassenpr\u00fcfer<\/td>\n<\/tr>\n<tr>\n<td class=\"cellborder\">Georg Hartmann<\/td>\n<td class=\"cellborder\">Manfred Fichna<\/td>\n<\/tr>\n<\/tbody>\n<\/table>\n","protected":false},"excerpt":{"rendered":"<p>1. Vorstand 2. Vorstand Andreas Kuntschar Jenny Mauder 1. Sportwart 2. Sportwart Matthias Braun Marius Krieger 1. Kassier 2. Kassier Stefan Grafe Oliver Werner 1. Schriftf\u00fchrer 2. Schriftf\u00fchrer Helena N\u00f6th <a href=\"https:\/\/www.doppelturm.de\/?page_id=459\" class=\"more-link\">[&hellip;]<\/a><\/p>\n","protected":false},"author":1,"featured_media":0,"parent":457,"menu_order":0,"comment_status":"closed","ping_status":"closed","template":"","meta":{"Layout":"2c-l"},"_links":{"self":[{"href":"https:\/\/www.doppelturm.de\/index.php?rest_route=\/wp\/v2\/pages\/459"}],"collection":[{"href":"https:\/\/www.doppelturm.de\/index.php?rest_route=\/wp\/v2\/pages"}],"about":[{"href":"https:\/\/www.doppelturm.de\/index.php?rest_route=\/wp\/v2\/types\/page"}],"author":[{"embeddable":true,"href":"https:\/\/www.doppelturm.de\/index.php?rest_route=\/wp\/v2\/users\/1"}],"replies":[{"embeddable":true,"href":"https:\/\/www.doppelturm.de\/index.php?rest_route=%2Fwp%2Fv2%2Fcomments&post=459"}],"version-history":[{"count":17,"href":"https:\/\/www.doppelturm.de\/index.php?rest_route=\/wp\/v2\/pages\/459\/revisions"}],"predecessor-version":[{"id":2613,"href":"https:\/\/www.doppelturm.de\/index.php?rest_route=\/wp\/v2\/pages\/459\/revisions\/2613"}],"up":[{"embeddable":true,"href":"https:\/\/www.doppelturm.de\/index.php?rest_route=\/wp\/v2\/pages\/457"}],"wp:attachment":[{"href":"https:\/\/www.doppelturm.de\/index.php?rest_route=%2Fwp%2Fv2%2Fmedia&parent=459"}],"curies":[{"name":"wp","href":"https:\/\/api.w.org\/{rel}","templated":true}]}}