{"id":457,"date":"2015-11-08T01:13:47","date_gmt":"2015-11-08T00:13:47","guid":{"rendered":"http:\/\/www.doppelturm.de\/?page_id=457"},"modified":"2018-03-27T08:56:29","modified_gmt":"2018-03-27T06:56:29","slug":"unser-verein","status":"publish","type":"page","link":"https:\/\/www.doppelturm.de\/?page_id=457","title":{"rendered":"Unser Verein"},"content":{"rendered":"<p>Der Sportkegelklub Doppelturm wurde im Jahr 1950 gegr\u00fcndet. Der Verein f\u00f6rdert und pflegt den Kegelsport und die Kameradschaft unter den Sportkeglern.<\/p>\n<p>Unser Verein hat derzeit 100 Mitglieder (Stand M\u00e4rz 2018). Davon sind 42 aktiv gemeldete Kegler, die in sechs Mannschaften spielen. Besonders stolz sind wir auf unsere Jugendabteilung, die mit zurzeit 11 aktiv gemeldeten Jugendlichen und zwei Jugendmannschaften im Spielbetrieb, mit zu den gr\u00f6\u00dften in ganz Unterfranken geh\u00f6rt.<\/p>\n<p>Egal ob Jugendlicher oder Rentner, Hobbykegler oder blutiger Anf\u00e4nger. Kommt einfach am Dienstagabend vorbei und probiert ein paar Schub aus. Dann habt ihr Gelegenheit unseren umwerfenden Sport und Verein kennen und lieben zu lernen.<\/p>\n<p><strong>Trainingszeiten am Dienstag:<\/strong><br \/>\nJugendtraining ab 16 Uhr<br \/>\nErwachsenentraining ab 18 Uhr<\/p>\n","protected":false},"excerpt":{"rendered":"<p>Der Sportkegelklub Doppelturm wurde im Jahr 1950 gegr\u00fcndet. Der Verein f\u00f6rdert und pflegt den Kegelsport und die Kameradschaft unter den Sportkeglern. Unser Verein hat derzeit 100 Mitglieder (Stand M\u00e4rz 2018). <a href=\"https:\/\/www.doppelturm.de\/?page_id=457\" class=\"more-link\">[&hellip;]<\/a><\/p>\n","protected":false},"author":1,"featured_media":0,"parent":0,"menu_order":0,"comment_status":"closed","ping_status":"closed","template":"","meta":{"Layout":""},"_links":{"self":[{"href":"https:\/\/www.doppelturm.de\/index.php?rest_route=\/wp\/v2\/pages\/457"}],"collection":[{"href":"https:\/\/www.doppelturm.de\/index.php?rest_route=\/wp\/v2\/pages"}],"about":[{"href":"https:\/\/www.doppelturm.de\/index.php?rest_route=\/wp\/v2\/types\/page"}],"author":[{"embeddable":true,"href":"https:\/\/www.doppelturm.de\/index.php?rest_route=\/wp\/v2\/users\/1"}],"replies":[{"embeddable":true,"href":"https:\/\/www.doppelturm.de\/index.php?rest_route=%2Fwp%2Fv2%2Fcomments&post=457"}],"version-history":[{"count":11,"href":"https:\/\/www.doppelturm.de\/index.php?rest_route=\/wp\/v2\/pages\/457\/revisions"}],"predecessor-version":[{"id":1799,"href":"https:\/\/www.doppelturm.de\/index.php?rest_route=\/wp\/v2\/pages\/457\/revisions\/1799"}],"wp:attachment":[{"href":"https:\/\/www.doppelturm.de\/index.php?rest_route=%2Fwp%2Fv2%2Fmedia&parent=457"}],"curies":[{"name":"wp","href":"https:\/\/api.w.org\/{rel}","templated":true}]}}