{"id":248,"date":"2015-10-29T19:54:59","date_gmt":"2015-10-29T18:54:59","guid":{"rendered":"http:\/\/www.doppelturm.de\/?page_id=248"},"modified":"2016-09-28T12:31:02","modified_gmt":"2016-09-28T10:31:02","slug":"120-schub","status":"publish","type":"page","link":"https:\/\/www.doppelturm.de\/?page_id=248","title":{"rendered":"120 Schub"},"content":{"rendered":"<p>Dieses Spielsystem ist im Bezirk Unterfranken ab der Saison 2013\/2014 eingef\u00fchrt worden.<\/p>\n<p>Der Kegler spielt 15 Wurf auf die \u201eVolle\u201c, bedeutet es wird immer auf alle neun Kegel gespielt. Danach kommen 15 Wurf auf das \u201eAbr\u00e4umen\u201c, das hei\u00dft es muss so lange auf ein Bild gekegelt werden, bis alle Kegel getroffen wurden. Danach spielt man wieder auf alle Neune und muss wieder alle Kegel abr\u00e4umen. Nach diesen 30 Wurf wird die Bahn gewechselt und dieser Modus wird \u00fcber insgesamt 4 Bahnen wiederholt.<\/p>\n<p><strong>Erkl\u00e4rung 120 Schub Punktesystem (internationales Wertungssystem):<\/strong><\/p>\n<p>Bei dem Punktewertungssystem wird \u00fcber 4 Durchg\u00e4nge je 30 Wurf pro Bahn (15 Volle, 15 Abr\u00e4umen) gespielt. Jeder Spieler hat einen direkten Gegner, der gleichzeitig auf der Bahn nebenan kegelt. Der Spieler versucht in jedem Durchgang ein besseres Ergebnis als der direkte Gegner zu haben, damit er pro Durchgang 1 <strong>Satzpunkt<\/strong> erh\u00e4lt. Bei Ergebnisgleichheit gibt es je einen halben Satzpunkt. Dann erfolgt der Bahnwechsel und der 2. Durchgang beginnt. Das Kegelergebnis wird \u00fcbernommen, aber der neuen Satzpunkt f\u00e4ngt wieder bei null an.<\/p>\n<p>Nach den vier Durchg\u00e4ngen erh\u00e4lt derjenige 1 <strong>Mannschaftspunkt<\/strong>, der die meisten Satzpunkte gewonnen hat. Bei Gleichstand (2:2 Satzpunkten) entscheidet das bessere Gesamtergebnis. Sollte auch dieses Gesamtergebnis gleich sein, erh\u00e4lt jeder Spieler 0,5 Mannschaftspunkte f\u00fcr sein Team.<\/p>\n<p>Nach diesem Modus werden f\u00fcr 4 oder 6 Spieler insgesamt 4 oder 6 Mannschaftspunkte vergeben.<\/p>\n<p>F\u00fcr das Team mit dem besserem Gesamtmannschaftsergebnis gibt es nochmals 2 <strong>Ergebnispunkte<\/strong>. Sollten beide Mannschaften gleich viele Kegeln gespielt haben, erh\u00e4lt jede Mannschaft einen Ergebnispunkt. Somit werden insgesamt 6 oder 8 Mannschafspunkte insgesamt vergeben. So kann ein Kampf bei einer 4er Mannschaft 6:0, 5:1, 4:2 oder 3:3 usw. ausgehen. Und die Mannschaft mit den meisten Mannschaftspunkten hat das Spiel gewonnen.<\/p>\n<p>Der Sieger erh\u00e4lt nun 2 <strong>Tabellenpunkte<\/strong> und bei einem Unentschieden jeweils 1 Tabellenpunkt. Aber auch die Mannschaftspunkte werden in die Tabelle \u00fcbernommen, und bei Punktgleichheit z\u00e4hlen die meisten Mannschaftspunkte.<\/p>\n","protected":false},"excerpt":{"rendered":"<p>Dieses Spielsystem ist im Bezirk Unterfranken ab der Saison 2013\/2014 eingef\u00fchrt worden. Der Kegler spielt 15 Wurf auf die \u201eVolle\u201c, bedeutet es wird immer auf alle neun Kegel gespielt. Danach <a href=\"https:\/\/www.doppelturm.de\/?page_id=248\" class=\"more-link\">[&hellip;]<\/a><\/p>\n","protected":false},"author":1,"featured_media":0,"parent":245,"menu_order":0,"comment_status":"closed","ping_status":"closed","template":"","meta":{"Layout":""},"_links":{"self":[{"href":"https:\/\/www.doppelturm.de\/index.php?rest_route=\/wp\/v2\/pages\/248"}],"collection":[{"href":"https:\/\/www.doppelturm.de\/index.php?rest_route=\/wp\/v2\/pages"}],"about":[{"href":"https:\/\/www.doppelturm.de\/index.php?rest_route=\/wp\/v2\/types\/page"}],"author":[{"embeddable":true,"href":"https:\/\/www.doppelturm.de\/index.php?rest_route=\/wp\/v2\/users\/1"}],"replies":[{"embeddable":true,"href":"https:\/\/www.doppelturm.de\/index.php?rest_route=%2Fwp%2Fv2%2Fcomments&post=248"}],"version-history":[{"count":4,"href":"https:\/\/www.doppelturm.de\/index.php?rest_route=\/wp\/v2\/pages\/248\/revisions"}],"predecessor-version":[{"id":1049,"href":"https:\/\/www.doppelturm.de\/index.php?rest_route=\/wp\/v2\/pages\/248\/revisions\/1049"}],"up":[{"embeddable":true,"href":"https:\/\/www.doppelturm.de\/index.php?rest_route=\/wp\/v2\/pages\/245"}],"wp:attachment":[{"href":"https:\/\/www.doppelturm.de\/index.php?rest_route=%2Fwp%2Fv2%2Fmedia&parent=248"}],"curies":[{"name":"wp","href":"https:\/\/api.w.org\/{rel}","templated":true}]}}